highest common divisor of 6074484 and 9828?
156
What is the greatest common factor of 12803820 and 1620?
60
What is the greatest common factor of 204763 and 1534?
13
Calculate the greatest common divisor of 25 and 23755575.
25
Calculate the greatest common divisor of 7 and 5582129.
7
Calculate the greatest common divisor of 2223 and 103902279.
741
Calculate the highest common divisor of 9714760 and 770.
110
Calculate the highest common divisor of 72576 and 3198.
6
What is the greatest common divisor of 390016 and 2530?
22
Calculate the highest common factor of 9471 and 19361881.
3157
What is the highest common factor of 100 and 31360324?
4
What is the highest common factor of 750 and 7120710?
30
What is the greatest common divisor of 1204 and 292474?
14
What is the greatest common divisor of 595 and 1807015?
595
Calculate the highest common divisor of 3744 and 514715136.
1248
What is the greatest common divisor of 152950 and 2093000?
8050
What is the greatest common factor of 6500 and 195060580?
260
Calculate the greatest common divisor of 2226609 and 77616.
4851
Calculate the greatest common factor of 1984 and 4039052.
124
What is the greatest common factor of 4 and 59888932?
4
Calculate the greatest common factor of 38171 and 1486332.
779
Calculate the highest common divisor of 11252 and 8390500.
388
Calculate the highest common factor of 13291450 and 459.
17
What is the highest common factor of 1926160397 and 1113?
371
What is the greatest common factor of 95832 and 55716?
12
Calculate the highest common factor of 93079 and 4228.
7
What is the greatest common factor of 10222 and 124374?
38
What is the greatest common divisor of 41800 and 142215?
95
Calculate the greatest common divisor of 4968348 and 66044.
836
What is the highest common divisor of 19 and 681869321?
19
Calculate the greatest common divisor of 743093 and 4054034.
4397
Calculate the greatest common divisor of 2508110 and 825.
55
What is the highest common factor of 495 and 1319310?
45
Calculate the highest common factor of 24 and 1162394148.
12
What is the greatest common factor of 40848768 and 144?
144
Calculate the greatest common factor of 224 and 314320216.
56
Calculate the greatest common divisor of 41359 and 2613169.
59
Calculate the highest common factor of 1250432 and 672.
32
Calculate the greatest common factor of 995946 and 2519328.
966
Calculate the greatest common factor of 71856 and 26244.
36
Calculate the greatest common divisor of 610232943 and 1329.
1329
What is the highest common factor of 26 and 889438732?
26
What is the greatest common divisor of 7353 and 4460326?
19
Calculate the greatest common divisor of 10678 and 35473.
19
Calculate the greatest common factor of 308 and 140659288.
308
Calculate the greatest common divisor of 83217219 and 6753.
6753
Calculate the greatest common divisor of 41208 and 424524.
204
Calculate the highest common factor of 3420784710 and 782.
782
What is the highest common divisor of 140 and 3245536?
28
What is the greatest common divisor of 307561 and 1828?
457
Calculate the greatest common factor of 26214 and 46257.
51
What is the greatest common divisor of 123823 and 9506?
49
What is the highest common factor of 213550 and 9750?
50
What is the greatest common divisor of 146176 and 848506?
1142
What is the greatest common factor of 527657 and 91982?
37
What is the highest common divisor of 69354 and 8130?
6
What is the greatest common factor of 998244 and 553?
79
Calculate the greatest common divisor of 715 and 36698530.
55
What is the greatest common factor of 125846754 and 1518?
1518
What is the highest common divisor of 54202 and 898?
2
Calculate the highest common divisor of 72 and 1186328.
8
What is the greatest common factor of 2614318386 and 516?
258
Calculate the highest common divisor of 9420 and 233938164.
1884
What is the highest common divisor of 1276 and 21024652?
1276
Calculate the greatest common factor of 472 and 21272273.
59
Calculate the highest common factor of 4386400 and 800.
800
Calculate the highest common factor of 18 and 22206294.
18
Calculate the highest common factor of 1887085 and 10115.
85
What is the highest common divisor of 1541028 and 24804?
636
Calculate the greatest common divisor of 619157 and 3010.
301
Calculate the highest common divisor of 861886428 and 78.
78
What is the greatest common divisor of 2264780004 and 12?
12
Calculate the highest common factor of 93790262 and 2286.
254
Calculate the highest common factor of 35593 and 23.
1
What is the greatest common divisor of 133083126 and 54?
18
What is the highest common factor of 115314663 and 69?
69
Calculate the highest common factor of 1460993 and 7.
1
Calculate the highest common divisor of 34012745 and 143.
13
Calculate the highest common divisor of 20155377 and 8613.
957
Calculate the highest common factor of 54626 and 471718.
26
What is the greatest common divisor of 688 and 1370232?
8
Calculate the highest common factor of 579220246 and 33.
11
Calculate the greatest common divisor of 4143092 and 3788268.
10436
Calculate the highest common divisor of 78 and 10966602.
6
Calculate the highest common factor of 14568716 and 3820.
764
What is the highest common factor of 463134118 and 174?
58
What is the greatest common divisor of 816 and 95506?
34
Calculate the highest common divisor of 29610 and 20490.
30
What is the greatest common divisor of 2697 and 40477881?
87
What is the greatest common divisor of 3419231 and 88622?
607
What is the highest common factor of 167428742 and 13624?
3406
Calculate the greatest common factor of 1203445 and 256.
1
What is the greatest common divisor of 8177738 and 186?
62
Calculate the greatest common factor of 2967 and 6538279.
989
Calculate the highest common divisor of 3 and 5047836.
3
Calculate the highest common divisor of 13016091 and 207.
69
What is the greatest common divisor of 151130 and 792540?
1190
What is the greatest common factor of 4536 and 4500306?
54
Calculate the greatest common divisor of 4318 and 131394454.
254
What is the highest common factor of 319988110 and 65?
65
Calculate the greatest common factor of 234708 and 2636.
4
Calculate the greatest common factor of 298007 and 97161.
233
Calculate the highest common factor of 1054 and 10943291.
17
What is the highest common divisor of 152658 and 3014?
22
What is the greatest common divisor of 1958967 and 7799?
709
Calculate the highest common factor of 490165 and 142155.
65
Calculate the greatest common factor of 47086734 and 39774.
5682
Calculate the highest common factor of 18 and 108393216.
6
Calculate the highest common divisor of 3898130 and 37170.
590
What is the highest common factor of 13299 and 54760563?
429
Calculate the greatest common divisor of 51842 and 2134538.
2254
Calculate the highest common factor of 11962609 and 361.
19
Calculate the highest common factor of 627 and 2732169.
33
Calculate the highest common factor of 42 and 782853.
3
Calculate the greatest common factor of 759 and 82747652.
23
What is the highest common divisor of 88 and 161265368?
88
Calculate the greatest common factor of 85323 and 423269.
1673
Calculate the greatest common divisor of 333 and 489859650.
333
What is the greatest common divisor of 3679765 and 155?
5
What is the highest common divisor of 270675 and 69525?
675
Calculate the greatest common divisor of 17749537 and 3770.
377
What is the highest common factor of 179872250 and 4210?
4210
What is the greatest common factor of 23690 and 9410?
10
What is the greatest common factor of 860820 and 17400?
60
What is the highest common factor of 360 and 1254048?
24
What is the highest common factor of 107201 and 113?
1
What is the highest common factor of 116751 and 21?
3
Calculate the greatest common factor of 443 and 3109.
1
What is the highest common divisor of 8 and 56489172?
4
What is the highest common factor of 1788 and 23724?
12
What is the highest common factor of 715 and 18500900?
55
Calculate the greatest common factor of 2492336 and 2941.
17
What is the greatest common factor of 432 and 22103604?
108
What is the greatest common divisor of 98946 and 1186662?
138
What is the highest common factor of 98378406 and 2254?
322
What is the highest common divisor of 12210053 and 73?
73
